20 + 3/(-15). Let b be (j/8)/(13/(-780)). Calculate the greatest common divisor of b and 18.
6
Let y = -31 + 46. Let u be ((3 - 7) + 67)/((-3)/(-8)). Let j = 27 + u. Calculate the greatest common divisor of j and y.
15
Let n = 2515 + -2497. Calculate the highest common factor of n and 104.
2
Let y(g) = 3*g**2 + 8*g + 29. Let p be y(-6). Let d = p + 87. Let a = 43 - 27. Calculate the highest common divisor of a and d.
16
Let d = 863 + -607. Suppose 287 = 6*z + z. Suppose n - z = -9. What is the highest common factor of n and d?
32
Suppose -5*c + 4*b = -188, -7*b + 6*b = 4*c - 142. Calculate the highest common factor of c and 2196.
36
Suppose q + 233 = -2*p - 198, 3*p + 650 = -5*q. Let a = -179 - p. What is the greatest common divisor of a and 12?
12
Let p(t) = 6*t**2 - 6*t + 12. Let i(h) = -5*h**2 + 5*h - 11. Let q(g) = -4*i(g) - 3*p(g). Let b be q(2). Calculate the greatest common divisor of 9 and b.
3
Let m(q) = -q**3 + 2*q**2 - q + 2. Let g be m(1). Let n be (6/g)/(-3)*-200. Calculate the greatest common factor of n and 8.
8
Let d be -3 - ((-4)/30 - 84/45). Let u = d + 3. Calculate the highest common divisor of 8 and u.
2
Let m = 16 + 14. Let v(c) = c**3 + 7*c**2 - 64*c - 149. Let b be v(-11). Let f = b - m. What is the highest common factor of 41 and f?
41
Let s = -4671 + 6684. What is the highest common divisor of 22 and s?
11
Let z be 2500/35 - 150/350. What is the highest common factor of 568 and z?
71
Let s = 8 - 8. Suppose -3*f + 7 + 2 = s. Let i be (5/(-2) + 3)/(251/(-42) - -6). Calculate the highest common divisor of f and i.
3
Suppose t = -4*t + 25, 390 = 5*m - t. Suppose u = m + 8. What is the greatest common divisor of u and 58?
29
Let i = 59 + -48. Let y = 7 - -56. Suppose 8*m - i*m = -y. Calculate the greatest common divisor of m and 42.
21
Let d be 4*1 - 0 - 1. Suppose 554*o - 550*o = -2*n - 4, -5*n - 2*o = -22. Calculate the greatest common factor of n and d.
3
Suppose -3*q = 2*q. Let n(c) = 9*c**3 - 2. Let g be n(1). Suppose -p = -4*d + 66, -5*d - 3*p + g*p + 77 = q. Calculate the greatest common divisor of d and 119.
17
Suppose 828 = -2*p + 784. Let c be -596*11/p - 2/2. What is the highest common divisor of 27 and c?
27
Suppose 27*c - 72165 = 70395. What is the highest common factor of c and 66?
66
Let w = -55 + 17. Let o = -35 - w. Suppose -k + 97 = 5*g + 2*k, -o*g + 65 = -5*k. Calculate the greatest common factor of g and 8.
4
Suppose 2*o + 0*c + 2*c - 2794 = 0, 6 = 2*c. Calculate the highest common divisor of 41 and o.
41
Let q(c) = -2*c + 439. Let g be q(83). What is the highest common divisor of 9 and g?
3
Suppose 7*c - 12*c - 1944 = -8*c. What is the highest common divisor of c and 405?
81
Suppose -2*j + 3042 = 4*i, -2*i + 1995 - 473 = 2*j. Calculate the greatest common factor of 120 and i.
40
Let i = 19 + -19. Suppose -3*f + 2*f - 3 = i. Let w(t) = -24*t - 7. Let s be w(f). What is the highest common factor of s and 5?
5
Suppose -16984 = -143*i + 38071. What is the highest common divisor of 2002 and i?
77
Let i = -172 + 178. Calculate the highest common factor of 55 and i.
1
Let a be (2 + 328/(-6))*(26 + -35 + -3). What is the highest common factor of a and 3634?
158
Suppose -24 = 2*q - 4*t, -t - 3*t + 6 = q. Suppose 110*x = 104*x - 120. Let k = q - x. Calculate the greatest common divisor of k and 14.
14
Suppose -5*o - 750 = -30*o. What is the highest common factor of 894 and o?
6
Let r = -2855 - -7782. Calculate the greatest common divisor of r and 13.
13
Let w be 4/8*(8 + -2). Suppose -20*k + 23*k = w. Let z be (20/(-6))/((-70)/(-72) - k). Calculate the highest common factor of z and 20.
20
Let m(p) = p + 5. Let t be m(-2). Suppose 5*f - 52 = 3*k, t*f + 3*k + 44 = 7*f. Suppose f*v = 10*v - 330. Calculate the greatest common divisor of v and 15.
15
Let d(y) = -y**2 + 11*y + 9. Let k be d(9). Let j = k + -3. Suppose -5*v = -18 - 462. Calculate the greatest common divisor of j and v.
24
Suppose 62 = 4*a - 2*t, -3*a + 57 = -0*a + 2*t. Suppose -a*k = -15*k. Suppose 3*b - 7*b + 172 = k. Calculate the highest common divisor of 43 and b.
43
Let p be (-1)/2 - 95/2. Let s = 52 + p. Let j be (52 + 2)/(5 - s) + 0. Calculate the greatest common divisor of j and 36.
18
Let g(r) = -r**3 - 8*r**2 - 12*r + 2. Let z = 96 + -102. Let w be g(z). Suppose -10 = w*c, -v - 3*v + 155 = c. Calculate the highest common factor of 10 and v.
10
Let v = -11904 + 19476. Calculate the greatest common divisor of 12 and v.
12
Let y(p) = -706*p - 3598. Let z be y(-8). Calculate the greatest common divisor of z and 4.
2
Let a = -105 + 65. Let s = -34 - a. Suppose 0 = -3*k + s*k - 39. What is the greatest common factor of 130 and k?
13
Let d be ((-618)/(-7))/(676/168 + -4). What is the highest common divisor of d and 72?
36
Suppose 10*r - 2482 = 1548. Let f = r + -387. What is the greatest common divisor of 20 and f?
4
Let u = -18944 + 20732. What is the highest common divisor of 60 and u?
12
Let u be (-10)/(-60) + (-2)/12. Suppose -15*i - 3*i + 3744 = u. Calculate the highest common factor of 16 and i.
16
Let h(n) = 3*n - 98. Let s be h(0). Let t = -35 - s. Suppose 3*l + 4*r - t = 0, 3*l + 2*r = r + 54. What is the highest common divisor of l and 170?
17
Suppose 2176 = -12*u - 1160. Let o = 310 + u. What is the greatest common factor of 144 and o?
16
Let o(d) = d - 16. Let k be o(14). Let z(b) = -15*b**2 - 6*b - 6. Let h be z(k). Let v = -39 - h. What is the greatest common divisor of v and 10?
5
Let y = -1055 - -1067. Calculate the greatest common factor of y and 20.
4
Let z be 4/(-6) + 46/6. Let r be 160/3*(-84)/(-16). Suppose r = -1983*l + 1987*l. What is the greatest common divisor of l and z?
7
Suppose 4*h - 196 = 112. Let d be h/(5/(-2 - 3)). Let j be (-2 - -1) + (6 - d). What is the greatest common factor of j and 205?
41
Let u(f) = -383*f - 824. Let h be u(-3). What is the highest common divisor of h and 175?
25
Suppose 1201*o - 665*o - 599*o + 14112 = 0. Suppose 0 = 2*x - 0*x - 64. What is the highest common factor of x and o?
32
Suppose 3*g - 5*g - 31 = m, -5*g + 4*m = 110. Let i = g + 28. Let d be 2*50*(-4)/(-10). Calculate the greatest common divisor of d and i.
10
Let v(a) = -6*a + 5. Let j be v(-7). Let z(k) = -5*k**2 - 14*k - 30. Let q be z(-3). Let p = j + q. What is the highest common divisor of p and 42?
14
Suppose -4*m - 7011 = -3*v, -42*m + 9304 = 4*v - 40*m. Calculate the highest common factor of 137 and v.
137
Suppose -o + 1972 = -z - 1615, 0 = 3*o - 2*z - 10765. Suppose 6*i - o + 1017 = 0. What is the greatest common factor of i and 33?
33
Let t = -411 - -413. Suppose -4*d - 2*w = -w - 657, -t*d + 4*w + 342 = 0. What is the greatest common factor of 15 and d?
15
Let m = -1 - -1. Suppose 6*y - y - 765 = m. Suppose -79 = -5*s + 2*v, 4*s + 357 = 5*v + 410. What is the highest common divisor of y and s?
17
Let t = 197 + -103. Let c be (-6)/9 + t/6. Let y = 125 - 80. Calculate the greatest common factor of y and c.
15
Let k be (72/32)/(1/12). What is the highest common factor of 4023 and k?
27
Let o(z) = 27*z + 63. Let r be o(-5). Let l = 306 + r. Calculate the greatest common divisor of l and 26.
26
Suppose -34 = -5*y + 4*q - 14, -5*y + 2*q + 20 = 0. Let o(m) = -2*m + 12 - 11 + 11 + 4 + 8. Let b be o(11). What is the greatest common divisor of b and y?
2
Let d be 3/24 + (-6810)/(-48). Suppose 6*p - d = -34. Calculate the greatest common factor of p and 138.
6
Let o = 52180 + -52176. Let y(i) = -i**2 + 13*i - 7. Let c be y(12). What is the greatest common divisor of c and o?
1
Let w(o) = -o**2 + 9*o + 7. Let n be w(8). Let z be (-11)/((-6)/720*4). What is the highest common divisor of z and n?
15
Let b = 3961 + -3923. Calculate the greatest common factor of b and 3154.
38
Let o = -14563 + 15031. What is the greatest common divisor of 846 and o?
18
Let m be 96/(-36) - -230*(-6)/(108/(-6)). Suppose -5*h + 1341 + 694 = 0. What is the greatest common factor of h and m?
37
Let d = -5149 - -5150. Calculate the greatest common divisor of d and 125.
1
Let k be (-117)/(-12)*128/12. Suppose -8*a = -480 + k. What is the highest common factor of a and 94?
47
Suppose -2*g + 97 = 5*k, 5*k - 44 = -g + k. Suppose -8*j + g = -160. What is the highest common divisor of 432 and j?
27
Suppose 0 = -91*c + 173412 - 31452. Calculate the highest commo